**2 - 30*t - 231. What is u(-14)?
-7
Let z(b) = 136*b - 2315. Determine z(17).
-3
Let k(o) = 1990*o + 41779. What is k(-21)?
-11
Let g(b) = -676*b - 18912. Calculate g(-28).
16
Let g(o) = o**3 + 13*o**2 + 7*o + 65. What is g(-10)?
295
Let k(g) = -574*g - 30398. What is k(-53)?
24
Let g(r) = r**3 - 23*r**2 - 17*r - 3. Calculate g(24).
165
Let y(n) = 2*n**2 + 329*n + 8649. Calculate y(-132).
69
Let w(g) = -31*g**3 + 7*g**2 - 18*g + 12. Give w(1).
-30
Let z(g) = -72*g - 1610. Give z(-22).
-26
Let o(t) = -5*t**3 + 313*t**2 - 487*t - 65. Give o(61).
-4
Let r(b) = 4*b**2 + 16*b - 141. What is r(5)?
39
Let u(c) = 6*c**2 - 84*c - 3. What is u(14)?
-3
Let a(j) = j**3 - 8*j**2 - 11*j + 11. What is a(9)?
-7
Let w(i) = -3*i + 37. Give w(-20).
97
Let v(d) = -d**2 - 32*d - 200. Give v(-22).
20
Let g(o) = -o**3 + 8*o**2 + 1422*o - 204. Calculate g(-34).
0
Let u(m) = -m**2 - 108*m - 1820. Give u(-21).
7
Let x(i) = 63*i**3 - 4*i**2 - 24*i + 54. Determine x(2).
494
Let o(f) = f**3 + 10*f**2 - 20*f - 40. Determine o(-6).
224
Let a(j) = j**3 - 35*j**2 + 34*j - 13. What is a(34)?
-13
Let o(n) = -n**3 + 65*n**2 - 179*n - 64. Calculate o(62).
370
Let y(g) = g**2 - 80*g - 393. Calculate y(-5).
32
Let v(y) = -107*y - 11777. Determine v(-110).
-7
Let r(o) = -53*o**3 + 6*o**2 - 21*o - 5. Calculate r(2).
-447
Let u(f) = 16*f**2 + 40*f + 68. Determine u(-2).
52
Let z(q) = 5*q**2 - 42*q + 75. What is z(4)?
-13
Let a(b) = -3*b**2 + 16*b - 304. Give a(8).
-368
Let y(p) = -p**3 - 6*p**2 + 23*p - 50. Give y(-9).
-14
Let t(y) = y**3 + 20*y**2 + 54*y + 23. Calculate t(-17).
-28
Let b(f) = 6*f + 85. Determine b(-29).
-89
Let s(b) = 53*b + 2920. Determine s(-54).
58
Let g(u) = -u**3 + u**2 - 2*u - 18. Determine g(7).
-326
Let i(z) = -z**3 + 18*z**2 - 18*z - 15. Calculate i(16).
209
Let d(z) = -18*z - 1526. What is d(-101)?
292
Let h(k) = -68*k - 9938. Calculate h(-146).
-10
Let t(v) = 2*v**3 + 63*v**2 - 275*v - 21. Give t(4).
15
Let f(g) = -7*g + 205. Give f(28).
9
Let a(n) = 53*n**2 + 253*n + 252. Give a(-1).
52
Let k(i) = 16*i + 1469. What is k(-82)?
157
Let i(c) = -c**3 - 84*c**2 - 556*c + 10. Determine i(-7).
129
Let a(l) = 371*l + 29665. Give a(-80).
-15
Let u(a) = 3*a**3 - 168*a**2 - 164*a - 400. Calculate u(57).
-1
Let u(n) = n**3 - 77*n**2 + 279*n + 894. What is u(73)?
-55
Let z(q) = -q**2 - 74*q - 616. Determine z(-64).
24
Let c(l) = l**3 - 17*l**2 - 2*l + 33. Give c(17).
-1
Let a(c) = 32*c**2 + 1408*c + 4. What is a(-44)?
4
Let i(c) = -76*c - 1494. Give i(-20).
26
Let u(r) = -r**3 + 385*r**2 + 387*r - 398. Give u(386).
-12
Let c(t) = -2*t**3 + 177*t**2 + 77*t + 1070. Give c(89).
2
Let l(h) = 2*h**3 + 5*h**2 - 49*h - 14. What is l(4)?
-2
Let o(t) = -2*t**3 + 98*t**2 + 97*t + 27. Calculate o(50).
-123
Let z(d) = -d**2 + 35*d + 215. Calculate z(16).
519
Let t(i) = i**3 + 12*i**2 - 6*i - 22. Calculate t(-11).
165
Let p(i) = 7*i**3 + 12*i**2 - 25*i - 20. Calculate p(3).
202
Let l(r) = -56*r - 264. Determine l(-7).
128
Let j(i) = 14*i**3 + 2*i**2 - 7*i - 7. What is j(-1)?
-12
Let c(k) = -20*k**3 - 30*k**2 - k - 4. What is c(-2)?
38
Let s(r) = -74*r + 23. What is s(-2)?
171
Let q(w) = w**3 + 12*w**2 - 44*w - 610. What is q(-11)?
-5
Let x(g) = -2*g**3 + 13*g**2 - 30*g + 26. Give x(6).
-118
Let n(u) = -u**3 - 47*u**2 + 37*u - 479. Give n(-48).
49
Let t(d) = -109*d - 204. Give t(-2).
14
Let t(z) = -z**3 - 18*z**2 - 83*z + 21. Determine t(-10).
51
Let t(v) = 16*v**2 - 361*v + 58. Calculate t(22).
-140
Let s(l) = -9*l**2 - 7*l + 28. What is s(3)?
-74
Let z(b) = 376*b + 4210. What is z(-11)?
74
Let o(n) = -74*n + 800. Determine o(11).
-14
Let v(y) = 2*y + 3. Give v(27).
57
Let t(o) = -14*o**2 + 3*o - 82. What is t(7)?
-747
Let k(p) = -p**3 - 4*p**2 + 3*p - 45. What is k(-7)?
81
Let o(n) = 361*n - 5411. What is o(15)?
4
Let l(r) = -2*r**3 + 53*r**2 - 8*r - 461. Calculate l(26).
7
Let u(l) = -l**3 + l**2 - 5*l - 16. Determine u(3).
-49
Let o(b) = -b**3 - 11*b**2 + 27*b + 285. Give o(-11).
-12
Let w(d) = 30*d + 3638. Give w(-121).
8
Let k(u) = 17*u**2 + 30*u + 5. Calculate k(-5).
280
Let a(y) = 29*y - 146. Calculate a(9).
115
Let f(w) = -36*w**2 - 37*w - 6. Determine f(0).
-6
Let x(p) = -2*p**2 - 36*p - 118. Give x(-15).
-28
Let z(w) = -292*w - 59860. Give z(-205).
0
Let n(m) = m**2 + 143*m - 2987. Calculate n(18).
-89
Let d(s) = -124*s + 2971. Give d(24).
-5
Let t(c) = -4*c + 91. Give t(12).
43
Let r(d) = 2*d**2 + 21*d - 53. Give r(-12).
-17
Let f(s) = -5*s**2 + 27*s + 148. Determine f(-5).
-112
Let u(m) = -43*m + 4868. Determine u(114).
-34
Let a(l) = l**3 + 2*l**2 + 15*l + 13. Calculate a(-1).
-1
Let o(g) = -g**2 - 6*g + 52. Determine o(4).
12
Let x(q) = -q**2 - 2*q - 4. What is x(-8)?
-52
Let h(s) = -28*s**2 - 311*s - 31. Determine h(-11).
2
Let n(x) = -x**3 - 15*x**2 - 24*x + 5. Calculate n(-8).
-251
Let l(w) = -w**2 + 64. Calculate l(0).
64
Let a(t) = -t**3 + 23*t**2 + 31*t + 15. Determine a(24).
183
Let v(p) = 11*p**2 + 68*p + 75. Determine v(-4).
-21
Let f(i) = i**3 + 37*i**2 - 12*i - 647. Calculate f(-37).
-203
Let j(g) = 222*g + 19554. Calculate j(-88).
18
Let p(w) = w**2 - 45*w - 32. Give p(46).
14
Let v(a) = -46*a**2 + 428*a + 430. What is v(-1)?
-44
Let u(m) = m**2 + 415*m - 1242. Determine u(3).
12
Let w(p) = 14*p - 682. Give w(48).
-10
Let t(l) = -l**2 - 31*l + 772. Give t(16).
20
Let q(r) = r**2 + 18*r + 42. Give q(-16).
10
Let j(b) = -27*b + 21. Give j(1).
-6
Let z(x) = -11*x**2 + 42*x + 43. Determine z(5).
-22
Let r(l) = 31*l**3 - 9*l + 10. Determine r(1).
32
Let d(q) = q**2 - 355*q + 2773. Give d(8).
-3
Let z(n) = n**2 + 9*n - 31. Calculate z(-11).
-9
Let v(s) = s**3 + 117*s**2 - 491*s - 860. Determine v(-121).
-13
Let f(h) = 1439*h - 10063. Give f(7).
10
Let m(n) = -6*n + 105. Calculate m(17).
3
Let a(w) = -176*w - 1760. Determine a(-10).
0
Let p(r) = -2*r**3 - 24*r**2 + 61*r - 13. Give p(2).
-3
Let l(k) = k**3 + 7*k**2 + 24*k + 15. What is l(-5)?
-55
Let s(p) = -p**3 + 8*p**2 + 20*p - 175. What is s(7)?
14
Let f(m) = -17*m**2 + 311*m - 81. What is f(18)?
9
Let g(u) = 102*u + 3150. Give g(-31).
-12
Let q(p) = 108*p - 3649. Calculate q(34).
23
Let y(s) = -4*s**3 + 3*s**2 - 6*s - 8. Calculate y(-1).
5
Let a(p) = -93*p**2 + 656*p - 41. Give a(7).
-6
Let f(p) = -p**3 - 37*p**2 + 649*p - 54. Give f(-50).
-4
Let f(a) = 3*a**3 + 11*a**2 - 27*a + 122. Determine f(-7).
-179
Let u(p) = 2*p**3 - 2*p**2 - 117*p + 333. Calculate u(3).
18
Let l(x) = x**2 - 60*x. What is l(50)?
-500
Let c(x) = -2*x**3 - 5*x**2 - x + 11. Determine c(-4).
63
Let j(y) = -y**3 - 12*y**2 + 20*y + 241. What is j(-13)?
150
Let l(c) = 24*c - 2938. Calculate l(123).
14
Let z(x) = -x**2 + 119*x - 2301. What is z(24)?
-21
Let j(f) = -2*f**3 - 3*f**2 + 24*f - 2. What is j(-6)?
178
Let q(x) = 4*x**2 - 186*x + 1114. Determine q(7).
8
Let i(q) = -6*q**2 + 1251*q - 7871. Determine i(202).
7
Let g(w) = -90*w - 524. Determine g(-3).
-254
Let j(t) = t**3 - 5*t**2 - 16*t - 103. Calculate j(-5).
-273
Let o(h) = -h**3 - 23*h**2 + 73*h - 136. Give o(-26).
-6
Let z(r) = -r**2 + 42*r - 376. Determine z(29).
1
Let c(t) = -2*t**2 - t + 3567. Determine c(42).
-3
Let o(u) = -u**3 - u**2 + 34*u - 65. Calculate o(4).
-9
Let w(p) = 2*p**3 + 85*p**2 + 123*p + 11. What is w(-41)?
11
Let g(u) = -u**2 + 4534*u + 68238. Calculate g(-15).
3
Let s(g) = -164*g - 658. Calculate s(-4).
-2
Let y(k) = -k**3 + 9*k**2 + 7*k - 36. What is y(9)?
27
Let o(s) = s**3 - 6*s**2 - s + 124. Determine o(-6).
-302
Let c(t) = 3*t**2 - 210*t + 102. Determine c(65).
-873
Let m(o) = -2*o**3 + 71*o**2 + 114*o - 110. Calculate m(37).
1
Let q(t) = t**3 - 9*t**2 + 354*t - 5274. Determine q(13).
4
Let j(f) = f**3 - 12*f**2 + 5*f - 27. What is j(12)?
33
Let y(d) = d**3 - 7*d**2 + 7*d + 20. Give y(7).
69
Let y(s) = 9*s + 67. What is y(-19)?
-104
Let n(w) = -2*w**3 + 18*w**2 - 23*w + 98. What is n(8)?
42
Let s(o) = -3*o**2 + 28. What is s(-5)?
-47
Let s(u) = 2*u**2 + 4*u - 205. Give s(9).
-7
Let s(d) = -10*d - 104. Determine s(-13).
26
Let v(l) = -3*l**2 - 10*l + 604. Give v(-16).
-4
Let r(x) = 805*x - 177904. Calculate r(221).
1
Let z(s) = 4*s**2 + 300*s - 3124. What is z(9)?
-100
Let b(s) = -33*s**2 + 535*s - 111. What is b(16)?
1
Let m(c) = c**2 - 5*c + 14. What is m(-11)?
190
Let f(b) = 20*b + 144. What is f(-10)?
-56
Let f(r) = 2*r**3 + 13*r**2 - 10*r - 43